et l(a) = 40*a**3 - 3*a**2 - a + 3. Calculate l(-1).
-39
Let w(s) = s**3 + 2*s**2 - 4*s - 1. Give w(-3).
2
Let n(u) = u**3 - 4*u**2 - 5*u. What is n(4)?
-20
Let h(z) = z**3 + 4*z**2 - 4*z - 4. Determine h(-4).
12
Let q(m) = -7*m**3 + m**2. Determine q(1).
-6
Let r(d) = -d**3 + 10*d**2 - 6*d - 18. Calculate r(9).
9
Let s(m) = 6*m**3 + 2*m**2 - m - 1. Determine s(-2).
-39
Let h(v) = v**3 + 7*v**2 + 2*v + 1. What is h(-8)?
-79
Let d(y) = -y**2 + y + 9. Calculate d(-8).
-63
Let z(t) = -t**3 - 5*t**2 + 30*t + 128. Give z(-4).
-8
Let v(x) = -x**2 - 3*x + 3. Give v(5).
-37
Let v(l) = 4*l + 1. What is v(-2)?
-7
Let s(z) = -z**3 + 8*z**2 + 11*z - 7. Determine s(7).
119
Let h(v) = -v**3 - 12*v**2 + 16*v + 28. Give h(-13).
-11
Let g(z) = 2*z**2 + 12*z + 7. Give g(-3).
-11
Let k(t) = -13*t**2 + 2*t - 1. Determine k(1).
-12
Let l(v) = 3*v + 92. What is l(-31)?
-1
Let f(l) = -6*l + 85. Give f(12).
13
Let b(k) = k**3 - 13*k**2 + 26*k - 33. Determine b(11).
11
Let x(c) = c**3 - 11*c**2 - 31*c + 58. Calculate x(13).
-7
Let o(d) = 2*d**2 - 40*d - 4. Calculate o(20).
-4
Let a(i) = 7*i + 99. Calculate a(-13).
8
Let r(j) = -j**2 + 14*j - 8. What is r(12)?
16
Let t(f) = f**2 + 16*f - 13. Determine t(-14).
-41
Let c(f) = -f**3 - 5*f**2 + 5*f - 7. What is c(-5)?
-32
Let h(p) = -p**2 + 12*p - 1. What is h(7)?
34
Let h(q) = 5*q**2 + 5*q + 4. What is h(-1)?
4
Let u(r) = r**2 + 17*r + 4. Determine u(-13).
-48
Let z(i) = 5*i**2 + 56*i + 17. Give z(-11).
6
Let a(v) = -5*v**2 - 5*v. Give a(-4).
-60
Let g(n) = n**3 + n**2 - 2*n - 2. Determine g(-1).
0
Let j(h) = -h**2 + 3*h + 7. Determine j(-4).
-21
Let w(j) = -j**3 + 11*j**2 - 11*j + 12. Calculate w(10).
2
Let j(d) = -6*d - 3. What is j(2)?
-15
Let q(i) = 6*i + 1. Determine q(-1).
-5
Let p(j) = -j**2 - 9*j + 42. What is p(-12)?
6
Let c(n) = -7*n**2 - n + 4. Give c(-3).
-56
Let w(s) = s**3 - 10*s**2 - 13*s + 21. What is w(11)?
-1
Let a(f) = 2*f**3 + 67*f**2 + 31*f - 82. Give a(-33).
-16
Let o(a) = -a**3 + a**2 - 1. Determine o(0).
-1
Let z(l) = -l**2 - 13*l + 3. Determine z(-12).
15
Let a(g) = -g**2 + 12*g - 25. Determine a(6).
11
Let a(v) = -v**3 + 10*v**2 - v + 9. Give a(10).
-1
Let k(d) = -d**2 + 13*d - 32. Determine k(9).
4
Let r(i) = -9*i - 10. Calculate r(5).
-55
Let t(x) = -x - 9. What is t(8)?
-17
Let s(w) = 6*w**3 - 4*w**2 + 6*w - 7. What is s(2)?
37
Let v(b) = -b**3 + 23*b**2 - 39*b - 31. Calculate v(21).
32
Let n(z) = -z**3 + 2*z**2 + 8*z - 2. Give n(-3).
19
Let i(g) = -24*g**3 + 5*g**2 - g - 3. Give i(-1).
27
Let k(c) = c**2 + 7*c - 21. What is k(-8)?
-13
Let f(p) = p**2 - 11*p + 5. What is f(9)?
-13
Let g(f) = f**2 - 6*f + 47. Determine g(0).
47
Let x(t) = 2*t**3 + 11*t**2 + 2*t + 4. Calculate x(-5).
19
Let d(c) = -6*c - 7. What is d(-6)?
29
Let s(p) = 4*p + 37. Calculate s(-9).
1
Let h(r) = -50*r**2 - 2. What is h(-1)?
-52
Let u(d) = -3*d**2 - d + 2. Give u(1).
-2
Let l(n) = -2*n**3 - 7*n**2 + 2*n + 3. Give l(-3).
-12
Let j(k) = -17*k + 15. Give j(6).
-87
Let t(d) = d**3 - 24*d**2 + 11*d - 262. Determine t(24).
2
Let c(t) = -t**2 + 6*t + 25. Determine c(-3).
-2
Let u(l) = -2*l + 15. Determine u(10).
-5
Let f(x) = x**3 - x**2 + 3*x - 5. What is f(2)?
5
Let l(t) = t**2 + 9*t + 13. Calculate l(-9).
13
Let u(x) = -3*x - 86. What is u(-28)?
-2
Let j(d) = -13*d**2 - d + 2. Determine j(1).
-12
Let y(s) = -s**3 + 9*s**2 - 14*s + 5. What is y(3)?
17
Let a(j) = -j**3 + j**2 - j + 22. Calculate a(0).
22
Let v(o) = o**2 + 22*o + 26. Calculate v(-18).
-46
Let g(j) = -j**3 - 5*j**2 + 9*j + 9. Give g(-6).
-9
Let s(a) = 7*a + 206. Give s(-27).
17
Let q(r) = -r**3 - 14*r**2 + 18*r + 47. What is q(-15)?
2
Let o(i) = i + 22. Calculate o(-11).
11
Let p(y) = -5*y**3 + 5*y**2 - 3*y + 3. Determine p(2).
-23
Let f(x) = -17*x - 189. What is f(-12)?
15
Let t(u) = -9*u - 200. Calculate t(-21).
-11
Let b(l) = 6*l + 26. Determine b(-5).
-4
Let m(i) = -i**2 + 4*i + 15. Determine m(-2).
3
Let w(k) = 2*k**2 - 3*k - 1. Determine w(1).
-2
Let x(b) = -b**2 - 13. What is x(3)?
-22
Let w(l) = -56*l + 114. Give w(2).
2
Let i(n) = 48*n + 200. Calculate i(-4).
8
Let h(w) = -9*w - 320. Give h(-35).
-5
Let f(g) = -g**3 + 7*g**2 - 3*g + 16. Determine f(7).
-5
Let z(c) = -c**2 + 8*c + 12. Give z(5).
27
Let x(p) = p**3 + 9*p**2 + 15*p + 9. Calculate x(-7).
2
Let w(a) = -25*a + 100. What is w(4)?
0
Let b(c) = c**2 - 14*c - 112. What is b(19)?
-17
Let v(y) = -5*y**2 + 22. Calculate v(6).
-158
Let p(r) = 3*r**3 + 2*r - 1. What is p(1)?
4
Let x(o) = 10*o**2 + 2*o - 1. Determine x(1).
11
Let a(m) = m**2 - 6*m + 6. Determine a(5).
1
Let h(a) = -22*a + 116. Calculate h(5).
6
Let a(o) = -o**3 + 10*o**2 + 6*o - 7. Calculate a(10).
53
Let s(v) = -4*v**2 - 3*v + 2. Give s(-4).
-50
Let m(a) = 7*a - 2. Give m(-2).
-16
Let j(d) = d**3 - 3*d**2 - 4*d + 8. Calculate j(4).
8
Let r(y) = y**2 - 2*y - 9. What is r(4)?
-1
Let r(x) = 2*x**2 + 3*x + 1. Calculate r(-5).
36
Let x(c) = 6*c + 8. Give x(-3).
-10
Let s(i) = i**3 + 11*i**2 + i + 25. Calculate s(-11).
14
Let h(r) = -r**3 + r**2 + 2*r + 11. What is h(0)?
11
Let a(t) = 4*t + 22. Give a(-12).
-26
Let p(s) = -22*s**3 + s**2 - s + 1. Calculate p(1).
-21
Let n(x) = -2*x**2 - 18*x + 2. Calculate n(-9).
2
Let d(q) = -q**2 + 7*q + 38. Give d(11).
-6
Let v(g) = -g**3 - 10*g**2 - 25*g - 40. What is v(-8)?
32
Let z(a) = 159*a**2 - 2*a - 2. Calculate z(-1).
159
Let x(z) = -8*z + 15. Calculate x(5).
-25
Let l(v) = -v**2 - 8*v - 5. Give l(-7).
2
Let r(k) = -3*k**2 - 38*k - 59. Give r(-11).
-4
Let f(w) = 6*w**2 - 15*w + 37. What is f(3)?
46
Let h(k) = 15*k + 11. Give h(5).
86
Let f(p) = -p**3 + 17*p**2 - 31*p + 13. Determine f(15).
-2
Let f(d) = d**3 + 25*d**2 + 25*d + 19. What is f(-24)?
-5
Let l(w) = w**2 + 15*w + 56. What is l(-8)?
0
Let n(a) = -a**2 + 11*a - 17. Determine n(3).
7
Let f(k) = k**2 - 8*k + 9. What is f(8)?
9
Let g(k) = 2*k**3 + 60*k**2 + k + 27. Determine g(-30).
-3
Let a(y) = 16*y - 78. What is a(5)?
2
Let v(k) = 43*k + 79. Give v(-2).
-7
Let j(u) = u**3 + 4*u**2 - 60*u - 1. Give j(6).
-1
Let h(o) = o**3 - 8*o**2 + 7*o + 1. Calculate h(7).
1
Let x(f) = -7*f + 3. What is x(-3)?
24
Let q(l) = 8*l - 39. What is q(5)?
1
Let z(a) = a**3 + 10*a**2 - 8. What is z(-9)?
73
Let m(d) = 31*d**3 + 2*d**2 + 2*d + 1. What is m(-1)?
-30
Let d(v) = -125*v + 1002. Determine d(8).
2
Let b(s) = -3*s - 34. Calculate b(-14).
8
Let x(i) = 2*i**2 + 6*i - 3. Determine x(0).
-3
Let r(j) = j**3 - 12*j**2 + 15*j + 12. What is r(10)?
-38
Let c(u) = u**3 + 3*u**2 - 5*u - 14. What is c(-2)?
0
Let l(s) = -s**3 + s**2 + 2. What is l(-2)?
14
Let l(w) = w**3 - 6*w**2 + 8*w - 10. Determine l(4).
-10
Let c(r) = r**2 + 42*r + 389. What is c(-28)?
-3
Let q(f) = f**2 - 582. Give q(24).
-6
Let t(z) = 6*z**2 - 41*z - 3. What is t(7)?
4
Let b(k) = k**2 - 78. Determine b(-8).
-14
Let m(f) = -f**3 - 17*f**2 - 27*f - 169. Give m(-16).
7
Let c(m) = m**3 + 8*m**2 - m - 11. Give c(-8).
-3
Let k(m) = -2*m**2 + 32*m - 27. What is k(15)?
3
Let t(z) = z**2 - 34. Give t(-7).
15
Let k(l) = -3*l**2 + 8*l + 7. What is k(4)?
-9
Let r(l) = -5*l - 3. What is r(-5)?
22
Let c(b) = 10*b - 13. Calculate c(11).
97
Let b(r) = -r**2 - 23*r - 43. Give b(-20).
17
Let n(f) = 2*f**3 - 2*f**2 + 2*f + 1. Give n(2).
13
Let i(b) = b**3 - 4*b**2 - 5. Give i(4).
-5
Let z(s) = -s**3 - 4*s**2 + 3*s + 8. Give z(-4).
-4
Let n(k) = k**2 - 12*k + 4. Determine n(9).
-23
Let c(y) = 21*y + 47. Determine c(-2).
5
Let g(o) = o + 3. What is g(6)?
9
Let m(a) = -a**3 - 8*a**2 - 2*a - 8. Calculate m(-8).
8
Let l(p) = -6*p**2 + 5*p - 9. Determine l(-4).
-125
Let x(d) = d**3 - 12*d**2 + 11*d - 5. Calculate x(11).
-5
Let n(s) = -s**3 - 5*s**2 - 8*s - 10. Calculate n(-4).
6
Let m(b) = b**2 + 15*b + 11. What is m(-11)?
-33
Let z(w) = w**3 - 10*w**2 - 20*w + 7. Give z(11).
-92
Let z(a) = -a**2 - 9*a + 13. Calculate z(-11).
-9
Let h(u) = 10*u**3 + u**2 - u. Calculate h(1).
10
Let f(s) = -s**3 - 13*s**2 - 13*s - 19. Give f(-12).
-7
Let r(s) = -s**2 - 4*s - 12. Give r(-6).
-24
Let k(f) = 13*f**2 + f + 2. Determine k(-1).
14
Let l(j) = j - 3. Determine l(7).
4
Let h(u) = 4*u**2 + 2*u - 3. What is h(2)?
17
Let h(t) = -t**3 + 7*t**2 + t - 2. What is h(7)?
5
Let s(u) = u**2 - 7*u + 2. Calculate s(10).
32
Let i(t) = t**3 - 5*t**2 - 8*t + 18. Give i(6).
6
Let t(j) = -7*j + 19. What is t(2)?
5
Let k(a) = a - 2. Deter